-5. Let j be g(o). What is the greatest common divisor of j and 6?
6
Let v = 479 - 475. Suppose -v*l - 5*p + 775 = 0, 0 = -17*l + 15*l + 3*p + 371. What is the greatest common divisor of l and 38?
38
Let k = -2 + 17. Suppose 5*x + 5 = k. Suppose 236 = m + x*m + q, m - 72 = 3*q. Calculate the highest common factor of m and 195.
39
Let s(d) = -d**3 + 30*d**2 + 99*d + 3. Let z be s(33). Suppose 0*b - 120 = -4*b + 3*c, -z*b = 3*c - 90. What is the greatest common divisor of b and 435?
15
Suppose -3*l - 5*r = -341, -3*l = -2*r - 376 + 84. Let t(a) = 9*a**2 + 5*a + 5. Let s be t(5). Calculate the greatest common factor of l and s.
51
Let i(b) = -b**3 - 10*b**2 - 13*b + 7. Let m be i(-10). Suppose -5*f + 3*a = m, 2 - 6 = 4*a. Let u = f + 34. Calculate the highest common factor of u and 3.
3
Suppose -172 = -14*l + 26 + 138. Let k be -24*(24/9)/(-8). Calculate the greatest common divisor of l and k.
8
Let a(h) = 99*h - 471. Let l be a(19). Calculate the greatest common factor of l and 20.
10
Suppose 0 = -3*r + 32*o - 29*o + 7071, o - 2351 = -r. Calculate the greatest common divisor of 22 and r.
22
Suppose -5*u - 252 = -19*u. Suppose 0*t + 2 = t. Suppose 20 = 3*z + t*z, 5*q - 626 = z. What is the highest common divisor of u and q?
18
Let o(s) = 29*s**2 - s. Let c be o(-1). Suppose 0 = -5*i + 183 - 3. What is the highest common factor of c and i?
6
Suppose 362 = 3*q - 5*c, -228 = -2*q - 10*c + 15*c. Calculate the highest common divisor of q and 21306.
134
Suppose -39 = -5*y + 4*h, -7*y + 8*y - 6*h - 13 = 0. Suppose y*c = 8*c - 9. Suppose q - 2 = 1. Calculate the greatest common divisor of q and c.
3
Let n(y) = y**3 - 47*y**2 + 103*y - 251. Let j be n(47). Calculate the highest common factor of 162 and j.
54
Suppose -2*p + 297 - 57 = 0. Let r be -5 + 2 + 5/(15/(-9)). Let t be (3 + (-12)/(-8))*(-20)/r. Calculate the highest common divisor of t and p.
15
Let t be 50/15*1/((-2)/(-9)). Suppose 0 = -3*d - 12, 5*d + 2127 = 3*f + 2*d. Calculate the greatest common factor of f and t.
15
Suppose -14*a = -12*a + 28. Let n = 22 - a. What is the greatest common divisor of n and 48?
12
Let i(j) = -1225*j + 4984. Let a be i(4). Calculate the greatest common factor of 156 and a.
12
Suppose -26159 = -353*b + 48324. Calculate the greatest common divisor of b and 34393.
211
Suppose m + 2*l = 509 + 2126, -5*m + 13127 = -2*l. What is the greatest common divisor of 37 and m?
37
Let d = -15 + 17. Suppose -2*r - d*q = 3*r - 81, -5*r + 3*q = -66. Let i(p) = p**2 + 3*p - 12. Let n be i(-6). What is the greatest common divisor of r and n?
3
Suppose 43*i - 33*i = 0. Suppose i*q = -5*q + g + 81, 0 = 2*g - 8. Let a(f) = -f**3 - 2*f + 1. Let v be a(-5). What is the highest common divisor of q and v?
17
Suppose -893 = 14*z - 977. Calculate the highest common divisor of z and 5040.
6
Let r = 42 - 38. Suppose -4*x - 9 = -9*x - 3*b, 3*x + 4*b = 12. Suppose r*l - 15 - 149 = x. Calculate the greatest common divisor of l and 164.
41
Let b(h) = 2161*h - 4765. Let l be b(5). What is the highest common factor of 200 and l?
40
Let k(j) = j**2 + 101*j + 319. Let u be k(-99). What is the greatest common factor of u and 2?
1
Let r be (22/(-6) - -2)/((-3)/18). Suppose 0 = d + 2 - 3. Let p be (126/36)/(d/20). What is the highest common divisor of r and p?
10
Let w = -719 - -1031. Let m be 1 + w/26*1/2. Suppose 3*i - 24 = -o + 38, 0 = -3*o + 2*i + 164. What is the highest common divisor of m and o?
7
Let h be 29 + 0 + -2 + -2 + 7. Let v = -74 + 74. Suppose v*r = 16*r - 128. Calculate the greatest common factor of h and r.
8
Suppose -421 = -77*u + 503. Let l(r) = r**2 - 3*r - 1. Let g be l(-5). Let o = g - u. Calculate the highest common factor of o and 3.
3
Let c(v) = v**3 + 8*v**2 + 6*v - 5. Let s(o) = -o**2 + 3*o + 13. Let p be s(6). Let y be c(p). What is the greatest common factor of 8 and y?
8
Suppose -36 = -5*a + 2*m + 30, 0 = 4*a - 3*m - 57. Let f be (540/63)/(1/21). Suppose 3*g = -0*g + f. What is the highest common factor of g and a?
12
Let c(z) = -3*z**2 + 4*z**2 - 38 + 16*z + 8. Let h be c(-18). Calculate the highest common divisor of h and 10.
2
Let q = -416 - 33. Let a = -397 - q. What is the greatest common divisor of a and 12?
4
Let j(o) = 2*o**2 - 12*o + 4. Let l be j(6). Let v = -41 + 41. Let g be l/(v + 4)*1*32. Calculate the greatest common divisor of 80 and g.
16
Let p be (-12)/5*6665/(-93). What is the greatest common divisor of p and 4?
4
Let j be (10/6)/((16/24)/2). Suppose j*m = -3*p + 4 + 83, 0 = -m - 3. Calculate the greatest common divisor of p and 272.
34
Let f(b) = -19*b**2 + 117*b - 19. Let a be f(6). Let t(s) = -s**2 - s - 45. Let z be t(0). Let r = a - z. Calculate the highest common factor of 4 and r.
4
Suppose 12983 = -4*y + 13811. What is the greatest common divisor of 897 and y?
69
Let l be -7*1/(-3 + 2). Let n be -5 - ((-12)/(-20) + 744/(-40)). Let q be (-6)/(-12) - n/(-2). What is the highest common factor of q and l?
7
Suppose -475*u - 97680 = -491*u. What is the greatest common divisor of u and 165?
165
Let p be (2686/(-34))/(2/6). Let l = -235 - p. Calculate the highest common factor of 4 and l.
2
Suppose 2*r + 164 = 2*h, -3*h = r + 12 - 246. Suppose -72*x - 1610 = -h*x. Let v be (2/(-4))/(19/(-3496)). Calculate the highest common divisor of v and x.
46
Let p = 14431 - 14167. What is the greatest common factor of 2760 and p?
24
Suppose -3*p + 2520 = 1815. Calculate the highest common divisor of p and 423.
47
Let r be -3*(1 + 1 - (2 + 79)). Let v be 13/((-52)/24) + r. What is the greatest common divisor of v and 84?
21
Let z(r) = -2*r + 19. Let k be z(5). Let o = k + 6. Let d = 352 - 217. What is the greatest common factor of o and d?
15
Suppose 4*z - 4*k - 74 - 574 = 0, 3*z - k - 474 = 0. What is the highest common factor of 3692 and z?
52
Let v = 597 - -404. Suppose 3*o + 5*b = v - 39, -324 = -o - b. What is the greatest common factor of 47 and o?
47
Let q = -162 - -167. Suppose -4*v + q*v - 39 = -4*p, -5*v = -3*p - 126. What is the highest common factor of v and 1?
1
Let t be (20/70)/((-2)/(-56)). Let w(a) = -175*a - 1571. Let c be w(-9). Calculate the highest common factor of c and t.
4
Let v be (-653)/(-10) + (2 - (-552)/(-240)). What is the greatest common factor of v and 793?
13
Suppose -4*g + 44 = -12*z + 14*z, -3*z + 38 = -g. Let j = -71 + 93. Suppose j = y + 2*w + 2*w, 0 = 2*y + w - 79. What is the highest common divisor of y and z?
14
Let b(c) = -c**2 + 50*c - 127. Let m be b(26). What is the highest common divisor of m and 7?
7
Let y = 14308 + 3896. Calculate the highest common factor of y and 296.
148
Let q be -5*-4*(-81)/(-180) + -5. Calculate the greatest common divisor of q and 18.
2
Let x(k) = -9*k + 27. Let t be x(9). Let w be -4 - 9/(t/240). What is the highest common divisor of w and 396?
36
Let g(p) = -36*p**2 - 15. Let c(b) = 18*b**2 + 8. Let q(o) = 5*c(o) + 2*g(o). Let y be q(3). What is the highest common factor of 4 and y?
4
Suppose 0 = -15*q + 4851 - 1716. What is the greatest common factor of q and 11704?
209
Let c = -12466 - -12489. Calculate the highest common factor of 17411 and c.
23
Let c be 3 + 0 + ((-206)/(-8) - 660/240). Calculate the greatest common factor of c and 663.
13
Let g(i) = 11*i**2 + 20*i + 19. Let x(l) = 5*l**2 + 9*l + 10. Let k(n) = 6*g(n) - 13*x(n). Let b be k(-8). What is the greatest common divisor of b and 192?
24
Let s be (-42)/(-2520)*-12 - 66852/(-10). What is the greatest common factor of s and 35?
35
Suppose -799 = -3*k + 1838. Suppose 0 = 13*v - 122 - k. What is the greatest common factor of 693 and v?
77
Suppose -4*t + 12 = 0, 0*s - 3*s + 639 = 4*t. Let i be -5*(-3)/(9/(-12)). Let k be (1/(-2))/((-1)/(-2)) - i. Calculate the greatest common divisor of s and k.
19
Let j = 486 + -222. Suppose 3*x - 5 = -4*i, -5*i = x + 4 - 2. Suppose -x*w + 6 = -66. Calculate the highest common divisor of w and j.
24
Suppose 3*m = 5*a + 1036, 2*m - 704 = 205*a - 200*a. Calculate the highest common divisor of m and 1411.
83
Let o = 2317 - -308. Calculate the greatest common factor of o and 21.
21
Let j(l) = -3*l**3 - 3*l**2 + 9*l - 2. Let q be j(-4). Suppose -q = -2*n - 4*h - 20, -215 = -5*n - h. What is the greatest common factor of 86 and n?
43
Suppose -2*q - 3*q + 4077 = -3*u, 3*q - 2452 = -4*u. Suppose -5763*y = -5